aluate -21 + 22 + (0 - 2 - -3).
2
Calculate 1 - (8 + -4 + 0).
-3
What is -6 - ((2 - 14) + 5)?
1
Calculate -59 - -59 - (1 + -1).
0
-2 - (3 + -7 + -1 + -5)
8
Calculate -4 + 0 + 3 + 1.
0
Calculate 20 + -18 + 1 + 1 - 4.
0
-9 + (1 - (-5 - 2))
-1
What is the value of -3 - ((6 - 3) + -8 + 4)?
-2
Calculate (4 - -2) + -4 + (1 - -1).
4
Calculate -7 - (-5 - (11 - 7)) - 5.
-3
What is -2 - 2 - (-25 - -15)?
6
Calculate 1 + -4 + (0 - -3).
0
What is (6 - 4) + (19 - 14)?
7
What is the value of -3 - (1 - (0 - -1))?
-3
(-1 - (3 - (2 - 2))) + 9
5
What is the value of 2 + (3 - 3) + (-2 - -4)?
4
Calculate 1 - (5 + (6 - 10)).
0
Evaluate 8 - 15 - (1 + -2).
-6
What is the value of 2 + 3 + -3 + -3 - -3?
2
What is (5 - (1 - -3 - 2)) + 0?
3
What is the value of -5 + 4 + -6 - (-4 - 3)?
0
What is the value of -6 + -5 + 7 - -7?
3
Calculate -9 + 4 + 3 - 1.
-3
Calculate (-2 - (-4 + -2)) + -6 + 4.
2
-1 + 2 + -4 - (1 - -1)
-5
-3 - (-7 + -9 + 4)
9
-3 - (-13 + (5 - (11 + -6)))
10
6 + -2 + -11 + 9
2
-4 + 3 + 7 + -5
1
Calculate (9 - 0) + -25 + 19.
3
Calculate -1 + (-4 - -3) + -2 + 1.
-3
Evaluate 6 + (-1 + 2 - (-4 - -8)).
3
1 + -6 - (-28 + 29)
-6
(-7 - -3 - -9) + 0
5
What is 1 - -4 - (23 - 22)?
4
Calculate -4 + -7 - (-13 + 11).
-9
What is 5 + 9 - 12 - 4?
-2
-2 - (2 - 1) - 2
-5
What is the value of (-2 - 0 - -7) + -2?
3
What is 8 - (20 - (6 + -3))?
-9
Calculate 7 - (-1 - (5 - 3 - 4)).
6
Evaluate (1 - (-1 + 15)) + (151 - 146).
-8
What is (-7 - -5 - -3) + 1?
2
-5 - ((0 - -1 - 8) + 7)
-5
Evaluate 7 + (5 - 9) + 4.
7
(1 - 5) + 0 + (207 - 207)
-4
What is the value of 10 + -14 + 4 - 7?
-7
What is the value of (2 - -2) + -4 + 4?
4
3 + -4 + (31 - 32)
-2
What is (4 - 13 - 0) + 9?
0
Calculate 3 + -5 - (-8 - (0 - 6)).
0
What is the value of 2 - (0 - (-3 - 4)) - -13?
8
Calculate 2 - (-2 + -8 + 4 + 13).
-5
(-1 - (-1 + 6)) + 6
0
What is (3 + -1 - -7) + (-5 - -1)?
5
Calculate -3 + -1 + (-69 - -69).
-4
Calculate -12 - -8 - (-1 + 0).
-3
5 + -5 + -6 + 0 + 12
6
What is the value of -2 + 8 + 1 + (-7 - -2)?
2
3 - (-2 + (3 - 0)) - -1
3
What is -2 + (11 - (5 + -2)) + -1?
5
-2 + 4 + -7 + 9
4
Evaluate -3 + -4 - (-4 + 1 + 0).
-4
(3 - 8 - -11) + -5
1
10 + 6 + -15 + 4
5
Calculate -4 - (4 + -5) - 0.
-3
What is the value of -6 - -6 - (2 + 2 + -2)?
-2
-1 + (-8 - -8 - 3)
-4
What is -1 + 9 + -18 - -7?
-3
Evaluate 0 - (4 - 1 - 6).
3
What is the value of -11 + 10 + -6 + (-1 - -3)?
-5
What is 14 - 5 - (8 - (-2 + 2))?
1
Calculate (6 - (-1 - -11)) + 7.
3
Evaluate 3 - 0 - (2 - 2).
3
Calculate -91 + 68 + (2 - -12).
-9
What is the value of -2 + -1 - (21 - 19)?
-5
What is the value of (-28 - -24) + (1 - -5)?
2
3 + 4 + -7 + 5
5
What is the value of (-4 - (2 + -9)) + -5?
-2
(-6 - -8) + (2 - 2)
2
Evaluate -1 + 0 - (0 + 6 + -3).
-4
(-1 - -4 - 5) + 7
5
Calculate 13 + -12 + (7 - 5).
3
What is -4 - (-4 - 6) - (1 - 0)?
5
Calculate -4 + 1 - (18 - 21) - 1.
-1
Calculate -4 - -7 - (5 + -7 + 0).
5
Calculate 9 - (-5 + (-1 - -23)).
-8
-22 + 20 + (0 - -5) + -7
-4
What is (-4 - -4) + 3 + -5 + -3?
-5
What is the value of (-6 - -1) + 3 + -2?
-4
What is 6 + 2 + -2 - 4?
2
Evaluate -2 + 1 + (3 - 4).
-2
Evaluate (8 - 6) + 8 - 6.
4
What is 8 - 15 - (0 + -2)?
-5
Evaluate 10 - 5 - 1 - 5.
-1
-5 - -2 - -2 - (-4 - 2)
5
Evaluate (2 - -4 - (-22 - -17)) + -4.
7
4 - (5 + 0 + 3) - -1
-3
What is 0 - (-5 - 0) - -5?
10
Evaluate -4 + (1 - (4 - 4)).
-3
Evaluate -7 + (-2 - -3) + 5.
-1
Calculate (1 - 1) + (1 - (-1 - -3)).
-1
-20 + 19 - (5 + -1)
-5
-4 - -4 - (-1 - (1 + -1))
1
1 + -2 + 3 + -4
-2
Evaluate (0 - 5) + (-7 - -15) + 2.
5
What is -4 + 2 + (3 - (3 - 2))?
0
Evaluate -10 + 5 + 10 + -8.
-3
Calculate 0 + 7 + -3 - 6.
-2
What is (9 - 10) + (6 - 0)?
5
What is 5 + -6 - (-9 - -5)?
3
(9 - (7 - 2)) + -3
1
What is the value of (5 - (1 + 8) - 1) + -1?
-6
What is -10 - -11 - (6 - 2) - -5?
2
Calculate 5 + 11 + (10 - 17).
9
What is the value of -2 + 4 + 3 + -3 - -3?
5
Evaluate -5 + 0 + (-24 - -11 - -16).
-2
What is the value of (4 - -3 - (-1 + 5)) + -3?
0
What is the value of (9 - 17) + 11 + -2?
1
What is the value of (1 - 0 - 0) + 0?
1
What is 6 + (-6 - -1 - (15 + -12))?
-2
What is the value of 11 + -22 + 0 - -20?
9
What is the value of 36 + -40 - ((2 - 1) + -6)?
1
Evaluate (-3 - (2 - -1 - 12)) + -15.
-9
Evaluate 0 + (3 - 5) + 6.
4
Calculate -4 + -7 - -2 - -15.
6
What is the value of 4 + -6 + 2 + 0?
0
What is -2 + 4 + -2 + 4?
4
Calculate 4 + 4 + -1 + -5.
2
Evaluate (3 - (-2 + 2)) + -3.
0
What is the value of (3 - -1 - 6) + (-2 - -3)?
-1
What is the value of 15 + (-7 + -1 - (46 - 49))?
10
What is the value of 1 + 2 + 0 + -6?
-3
-1 + 0 - (-2 + -3 + 7)
-3
What is -6 + 9 + -2 - (4 + -2)?
-1
Calculate -1 - (5 - (-5 - -9)) - 2.
-4
Evaluate (-13 - -13) + (-7 - -1) + 2.
-4
What is 1 - -5 - (-12 - -14)?
4
Calculate -26 + 27 + 1 + -9.
-7
Evaluate 3 - 1 - 3 - 0.
-1
Calculate (-2 - -5) + (-4 - -2) - 5.
-4
(9 - (0 - -1)) + 103 + -111
0
What is the value of 14 + -7 + -1 + 0 + -1?
5
0 - 4 - (-5 - (-6 + 4))
-1
What is -26 - -26 - (4 - 3)?
-1
What is the value of 4 + -1 - (9 - (2 + 4))?
0
What is the value of (2 - (-4 + 10)) + 5?
1
What is -4 + (-2 - 1 - (9 + -20))?
4
What is -2 + (1 - 1) - (-16 - -9)?
5
Calculate -1 + 0 + 17 + 171 + -177.
10
Evaluate 9 - 3 - 8 - (-1 - 1).
0
Calculate -3 + 4 + -1 + 4 + 1.
5
What is the value of -3 + 0 + 8 + -8?
-3
What is -3 - -11 - (-2 - -5)?
5
What is -2 + 0 + 4 - -1?
3
What is the value of -4 + (2 - -5) - 5?
-2
Calculate 0 - -3 - 3 - 0.
0
Evaluate (1 - (3 - 1)) + -3 - -2.
-2
-17 - (-6 + 6 + -11 + 3)
-9
Evaluate 5 - (-1 + 6 + -2).
2
Evaluate 0 - -2 - 2 - 2.
-2
What is the value of -1 + 6 + -6 + -1?
-2
Calculate 6 + 1 + -22 + 6 + 6.
-3
5 - (-11 + 23 - 4)
-3
Calculate (7 - 14) + (2 - -3).
-2
What is the value of -13 + (8 + 0 - -1)?
-4
(0 - (-2 + 4 - 5)) + -7
-4
Calculate -9 + (-6 - (-30 - -8)).
7
Calculate (-2 - (-6 + -1 + -1)) + -3.
3
3 - ((2 - -5) + -4 - 4)
4
14 - 11 - (5 - (-4 + 3))
-3
What is the value of 4 + 1 + (10 - 9 - 0)?
6
(-3 - -4) + (-1 - 5)
-5
What is the value of 2 + 10 + -25 + 17?
4
Evaluate -4 - (-1 + -3 - 1).
1
What is (4 - -4) + -5 - (4 + -1)?
0
Evaluate -4 - (8 + 0 + -11 + 5).
-6
What is (4 - -1) + (-1 - 7)?
-3
What is 5 - ((6 - 8) + 0)?
7
What is the value of 6 + (-3 - 4 - -8) - -2?
9
What is the value of 1 + 10 + -2 - (3 + 1)?
5
Calculate (2 - 0) + -2 + -3.
-3
10 - 1 - (17 - (1 - -10))
3
Calculate -2 - -3 - 6 - -5 - 1.
-1
(6 - 3) + (-3 - 5)
-5
28 + -31 - (0 + 0) - -4
1
What is -1 + 3 + 1 + -2 + -2?
-1
What is 6 + 1 + -2 + 3 + -6?
2
What is the value of 0 + 8 + -3 - 8?
-3
Evaluate -66 - -65 - (-2 - 0).
1
Calculate -2 - ((-5 - 1) + (-11 - -8)).
7
Evaluate 38 + -42 - (2 - 4).
-2
Calculate -2 - 1 - (-7 + 4).
0
What is the value of 9 - (11 - 5 - -6)?
-3
Calculate (-4 - -12) + (3 - (27 + -5)).
-11
Calculate -5 + (-1 - -2) + 3.
-1
Calculate -9 + 6 - (0 - 2).
-1
What is the value of 8 - (-3 + 2 - -4)?
5
3 - (5 + (-5 - 0))
3
What is the value of 2 + (0 - 0 - 4) + 1?
-1
Evaluate 5 + -5 + (-4 - 1) - -3.
-2
What is the value of -3 + 11 + -3 + -7?
-2
What is the value of 2 + -1 + 11 + -9?
3
Evaluate (-3 - (-6 - -4)) + -2.
-3
Evaluate -6 - -3 - (4 + -3).
-4
Evaluate 3 + 0 + (-2 - 1) + -1.
-1
Evaluate -6 - (-3 - (6 + 0)).
3
Calculate (9 - 12) + 10 - 2.
5
(-6 - (-13 - -1)) + -5 + 2
3
What is the value of (-50 - -48) + (-2 - 1)?
-5
Calculate 0 - ((-1 - 2) + 11) - -3.
-5
What is the value of 1 - (-4 - (-9 - -6))?
2
3 - (19 + -8 - 12)
4
-4 - ((-5 - 3) + 4) - -3
3
-12 + 13 + 5 + 0 + -3
3
-1 + (-4 - -6) + 2
3
Calculate 0 - ((12 - -8) + -2 - 8).
-10
Evaluate (-35 - -31) + 0 + -1.
-5
-5 + (3 - 1) - -14 - 4
7
What is the value of 5 - 1 - (-5 - (-16 - -7))?
0
Calculate -5 - 1 - (1 - 1) - -1.
-5
0 - (-1 + 0 + (19 - 14))
-4
Calculate -16 - (-3 + (-10 - -1)).
-4
What is -5 + 1 + -5 + 10 - -1?
2
What is (2 - (5 + 1)) + 5 + -1?
0
What is -12 + (-4 - (-9 - 0))?
-7
7 - (-6 + 6 - -11) - 4
-8
Calculate (-82 - -83) + -2 + 0.
-1
Calculate 4 - (2 - (-6 + 3)).
-1
-1 + (-3 - 2 - -9) + -3
0
What is the value of -10 - (-6 - -2) - (9 - 12)?
-3
What is the value of -17 + (9 - (9 - 10))?
-7
4 + -2 - 0 - -2
4
Evaluate (-3 - (0 - -2)) + (8 - 6).
-3
Calculate -3 + (-6 - -6 - -8).
5
-4 + 3 + (2 - 4 - 0)
-3
Calculate -3 + 3 + 1 + -2 + -2.
-3
Evaluate -1 + 7 - 5 - -4.
5
What is the value of (3 - 6) + 3 + -2?
-2
What is -1 + (0 - (-1 - -4) - 1)?
-5
What is -4 - (2 + (-12 - (-4 + 3)